ed by c?
14
Suppose -31*b = -23*b - 640. Suppose 5*k - b = 2*h - 12, -4*h + 32 = 2*k. What is the remainder when 82 is divided by k?
12
Let d be 1/(38/13 + -3). Suppose 2*w + 120 = 5*c + 1, -w = 2. Let m = d + c. Calculate the remainder when 27 is divided by m.
7
What is the remainder when 6/4*((-32)/(-3))/(-4) - -1552 is divided by 130?
118
Suppose -2547 - 6630 = -69*n. Calculate the remainder when 397 is divided by n.
131
What is the remainder when 123 is divided by (63 - (16 - 12)) + -1?
7
Suppose 0 = 5*j - 12*a - 21983, 210*j = 208*j - a + 8770. What is the remainder when j is divided by 33?
31
Let u(b) = -2*b**2 - 9*b + 339. Calculate the remainder when 579 is divided by u(-14).
68
Suppose -3*d + 3 = -63. Let h be (18 - (-18)/(-9)) + -5. Suppose 657 = h*j - 212. Calculate the remainder when j is divided by d.
13
Suppose 4*v - 12 = -3*d, -7 = -4*v - 5*d + 13. Suppose v = -4*t - 0*t + 24. Let j(y) = 22*y**3 - 2*y**2 + 2*y. What is the remainder when j(1) is divided by t?
4
Suppose -132 = 15*l - 52*l + 16. Let x be 1/4 - (-132)/(-16). Let d = 17 - x. What is the remainder when d is divided by l?
1
Let i be 1/3*(-13)/((-39)/8244). Suppose -3*k + 961 = i. What is the remainder when 171 is divided by k?
6
Let q = 4109 - 4100. Calculate the remainder when 96 is divided by q.
6
Let v = 2696 - 1808. Suppose 33*l - v = 21*l. Calculate the remainder when l is divided by 5.
4
Suppose 3*s + 0*s - 1384 = -5*u, 4*s + 1398 = 5*u. Let b(j) = -7*j**3 - 123*j**2 - 506*j + 56. Calculate the remainder when u is divided by b(-11).
54
Suppose 5*b - 207 = -202. Let i(x) = -4 + 3*x - 2*x + 17*x**2 + 2. Calculate the remainder when i(b) is divided by 6.
4
Suppose u - 15 = 33. Let w = 178 + -169. Suppose -w*k + 5*k = y - 67, 2*k + y = 33. Calculate the remainder when u is divided by k.
14
Let d(b) = -2*b**3 - 5*b**2 + b + 9. Let j = -5 + 8. Calculate the remainder when d(0) is divided by j.
0
Let i(y) = 10*y**2 + 47*y - 144. What is the remainder when 259 is divided by i(3)?
85
Let o = -175 - -190. Let h = o - 12. What is the remainder when h is divided by 2?
1
Let w(m) = 39*m + 1016. What is the remainder when w(-13) is divided by 52?
41
Suppose 4*h + 412 + 8 = 0. Let a be 6 - (-1 + (6 - 242/2)). Let p = a + h. What is the remainder when 63 is divided by p?
12
Let a = 21 + 13. Let k(g) = 3*g**2 + 4*g - 3. Let m be k(-5). Let f = 59 - m. What is the remainder when a is divided by f?
6
Let a = 393 + -441. What is the remainder when (648/16)/((-18)/a) is divided by 39?
30
What is the remainder when 1033 is divided by (-261)/(-4) + 78/104?
43
Let h = 18 - 15. Suppose 0 = 4*x + y - 87, -h*x + y + 54 = -2*y. Suppose 2*v - 121 - 85 = 0. Calculate the remainder when v is divided by x.
19
What is the remainder when 15/30 - (307/(-2))/1 is divided by 50?
4
Suppose -5*h + 2*s + 699 = 0, 3*h - 3*s - 568 = -145. Let j = 3580 - 3545. What is the remainder when h is divided by j?
34
Suppose -2867 + 4194 = 13*j - 3678. What is the remainder when j is divided by 19?
5
Let w(n) = 70*n - 1. Let x be w(-1). Suppose 2*t - l = 150, 6*l - l + 370 = 5*t. Let c = x + t. Calculate the remainder when 8 is divided by c.
3
Let p be -3 + 4/(-4) + 6. What is the remainder when 1 + 4*3/p is divided by (10/(-8))/((-3)/12)?
2
Suppose -x = -2 - 18. Let m = x + -71. Let f = m - -74. What is the remainder when 91 is divided by f?
22
Let p(b) = 3*b**3 - 3*b + 27. What is the remainder when 309 is divided by p(0)?
12
Let g = 5 - 0. Suppose -5*a - 3 = 4*i - 5*i, -4*a = -3*i + 9. Suppose -97 = -g*f - 4*p, a*p - 4*p - 22 = -2*f. What is the remainder when f is divided by 10?
7
Suppose 3*v - 198*q = -200*q + 26404, -3*v = -2*q - 26396. What is the remainder when v is divided by 54?
52
Suppose 2*j - 11*j = -180. Suppose -5*u - 3*t = -264, t - 52 - 216 = -5*u. Calculate the remainder when u is divided by j.
14
Suppose 117*q = 365 + 6655. Calculate the remainder when q is divided by 18.
6
Let n(p) = -4*p**3 + 8*p**2 + 69*p + 9. Calculate the remainder when 348 is divided by n(-4).
114
Suppose n + 0*w - w - 118 = 0, 2*n + 5*w = 250. Suppose n = 16*z - 4*z. Calculate the remainder when 15 is divided by 94/z + -3 + (-52)/(-20).
6
Let g = 744 + 233. What is the remainder when g is divided by 6?
5
Let h(o) = -10*o - 9*o + 13*o - 22*o - 6 + 0. Suppose 4*s - 21 = -0*q + q, 17 = -2*q + 3*s. Calculate the remainder when 108 is divided by h(q).
20
Suppose 2*g + 3*g = 15, -p + 3*g - 4 = 0. Suppose 5*d - 4*x + 1 + 1 = 0, -x = d - p. What is the remainder when 66 is divided by ((-8)/12)/((-1)/51*d)?
15
Suppose -37 - 73 = -5*a. Let g = 50 - a. What is the remainder when 80 is divided by g?
24
Let t(f) = 3*f**2 + 6*f + 9. Let c be (-4 - 2/(-1)) + -4 + 10. Let g be 1/(c/2)*(-5 - -1). Calculate the remainder when 25 is divided by t(g).
7
Suppose 0 = 3*k - v - 1329, 0 = 9*k - 6*k - 5*v - 1341. Let a = k + -199. Calculate the remainder when a is divided by 41.
38
Let z = -773 + 2197. What is the remainder when z is divided by 26?
20
Suppose 0 = 18*s - 8*s - 450. Calculate the remainder when (15/s)/(-5*4/(-2700)) is divided by 2/((4/6)/1).
0
Let m = 267 - 248. What is the remainder when 32*1 - (-2)/(26/65) is divided by m?
18
What is the remainder when 2273/5 + (-80)/(-200) is divided by 442/(-13)*6/(-4)*1?
47
Suppose -4*o = -3*v + 11, -4 = v - 5. Let i(y) = y**3 - 5*y**2 - 3*y + 3. What is the remainder when -9 + 5 + 150 + o is divided by i(6)?
18
Let n be (4/(-6))/(2/66). Let o = n - -94. Suppose 0 = 2*u + 4, 4*d - 4*u - 110 = u. What is the remainder when o is divided by d?
22
Let l = -298 + 330. Calculate the remainder when 55 is divided by (l/6 - 6)*(-1 + -26).
1
Let o(t) = -84*t**2 + 3*t - 31. Let n be o(5). What is the remainder when (n/161)/(((-8)/(-7))/(-4)) is divided by 6?
4
Let z(u) = u**2 - 9*u + 15. Suppose 46*i = -361 + 6341. What is the remainder when i is divided by z(8)?
4
Suppose -60 = -2*t - 3*t. Let q be ((-12)/6)/4 - (-162)/(-12). What is the remainder when 0 + 26 - q/49*-14 is divided by t?
10
Let s(w) = 23*w + 17 + 15 - 30. Let o(t) = t**2 - 6*t + 1. Let d be o(6). Calculate the remainder when s(d) is divided by 10.
5
Let c = 18268 - 18123. What is the remainder when 2330 is divided by c?
10
Let p be 0 + (-4)/((-8)/4). Calculate the remainder when ((-7)/(-7))/(p*(-4)/(-1104)) is divided by 77.
61
Let d(l) = -l**3 - 2*l**2 - l - 17. Let s be d(-6). Suppose 0 = -3*k - 4*k + s. Calculate the remainder when 113 is divided by k.
18
Suppose -11 = 102*h - 103*h. Let t = h - 27. Let v = t + 163. What is the remainder when v is divided by 10?
7
Suppose 95*l - 41*l = 50*l + 92. Calculate the remainder when 1330 is divided by l.
19
Suppose 0 = d - 563 - 64. Calculate the remainder when 627 is divided by d.
0
Suppose -23*r + 111 = 65. Suppose t + 544 = r*u, 4*u + 4*t - 1064 = -0*t. What is the remainder when u is divided by 39?
36
Suppose 2*b - 5 = 25 - 4. Calculate the remainder when 599 is divided by b.
1
Let f be ((-8)/3 - -1)*66. Let k = -42 - f. What is the remainder when k is divided by ((-2)/(-2) - -30) + -5 + -3?
22
Suppose 8559 - 3843 = 24*q - 6492. What is the remainder when q is divided by 77?
5
Let h(w) = 3*w**3 - 17*w**2 - 8*w. Let f be h(6). Calculate the remainder when ((-18)/f)/((-2)/(-396)) is divided by 50.
47
Let m be (34/4 + -1)*(-144)/(-90). What is the remainder when 74*(-4)/(m/(-3)) is divided by 25?
24
Let w(g) = 4*g - 40. Let x be w(14). Calculate the remainder when (x/3)/(926/(-186) - -5) is divided by 23.
18
Let l = -6552 + 6790. Let r(h) = h**2 - 3*h - 1. Let p be r(-2). Suppose -l = -p*x + 608. What is the remainder when x is divided by 20?
14
Let z be 4/(-10) - (-3384)/60. Suppose o + 19 - z = 0. Let a = -716 + 736. Calculate the remainder when o is divided by a.
17
Suppose -6*c - 12 + 228 = 0. Suppose c*v + 35 = 41*v. Suppose 3*b - f = -b + 24, -f = 0. Calculate the remainder when v is divided by b.
1
Suppose -2*z = -2*q - 66, 2*q - 232 + 216 = 0. What is the remainder when 1454 is divided by z?
19
Let b(c) = -3*c**2 + 208*c + 162. Calculate the remainder when 4091 is divided by b(70).
21
Let u = 1222 - 1220. Calculate the remainder when 152 is divided by u.
0
Let c(s) = 7*s**2 + 18*s - 32. What is the remainder when c(-10) is divided by 53?
11
Suppose 610 = 31*h - 36*h. Let c = h 